t common factor of 913 and 83.
83
What is the highest common factor of 27925 and 25?
25
Calculate the highest common divisor of 4429 and 473.
43
Calculate the highest common factor of 5 and 155.
5
What is the greatest common divisor of 44 and 10010?
22
Calculate the greatest common factor of 198 and 54054.
198
Calculate the greatest common divisor of 14 and 511.
7
Calculate the greatest common divisor of 48 and 4304.
16
What is the highest common divisor of 960 and 40?
40
What is the greatest common divisor of 1 and 141?
1
Calculate the highest common divisor of 78 and 2.
2
What is the greatest common factor of 154 and 392?
14
Calculate the greatest common factor of 14 and 518.
14
What is the highest common factor of 790 and 1106?
158
What is the greatest common factor of 47 and 7943?
47
What is the greatest common divisor of 6372 and 432?
108
Calculate the greatest common divisor of 158 and 27413.
79
Calculate the greatest common divisor of 45 and 1125.
45
Calculate the greatest common factor of 4 and 52.
4
Calculate the greatest common factor of 3664 and 16.
16
What is the greatest common factor of 1308 and 12?
12
Calculate the greatest common divisor of 520 and 40.
40
What is the highest common factor of 16 and 8?
8
What is the highest common divisor of 1133 and 275?
11
Calculate the greatest common divisor of 57 and 1824.
57
Calculate the greatest common factor of 4189 and 71.
71
Calculate the highest common factor of 34 and 19822.
34
What is the highest common factor of 804 and 624?
12
Calculate the greatest common factor of 248 and 232.
8
Calculate the greatest common divisor of 1007 and 57.
19
Calculate the highest common factor of 22485 and 15.
15
What is the greatest common factor of 21 and 237?
3
Calculate the highest common factor of 170 and 1120.
10
Calculate the highest common factor of 18 and 3114.
18
What is the greatest common divisor of 3483 and 43?
43
What is the highest common divisor of 4 and 1450?
2
Calculate the greatest common divisor of 14 and 173.
1
Calculate the greatest common divisor of 26 and 702.
26
Calculate the highest common divisor of 564 and 156.
12
Calculate the greatest common factor of 540 and 20.
20
Calculate the highest common factor of 23999 and 103.
103
Calculate the greatest common divisor of 715 and 130.
65
Calculate the highest common divisor of 32 and 1.
1
What is the greatest common factor of 26 and 52?
26
Calculate the greatest common factor of 6063 and 94.
47
Calculate the highest common factor of 18 and 666.
18
What is the greatest common factor of 40 and 540?
20
What is the greatest common divisor of 180 and 1179?
9
What is the greatest common divisor of 2820 and 8?
4
What is the highest common divisor of 2443 and 7?
7
Calculate the greatest common factor of 56 and 64.
8
What is the highest common divisor of 143 and 44?
11
What is the greatest common divisor of 768 and 72?
24
Calculate the greatest common divisor of 9706 and 184.
46
Calculate the highest common factor of 58 and 4089.
29
Calculate the highest common divisor of 940 and 20.
20
Calculate the highest common factor of 153 and 272.
17
Calculate the greatest common divisor of 9425 and 39.
13
Calculate the highest common factor of 640 and 16.
16
Calculate the greatest common factor of 168 and 63.
21
Calculate the highest common factor of 470 and 94.
94
Calculate the highest common factor of 2648 and 8.
8
Calculate the greatest common factor of 442 and 52.
26
What is the greatest common factor of 221 and 34?
17
Calculate the highest common divisor of 16 and 14744.
8
Calculate the highest common factor of 64 and 7.
1
Calculate the highest common factor of 190 and 57.
19
Calculate the greatest common factor of 26 and 1053.
13
What is the highest common divisor of 55 and 121?
11
What is the greatest common factor of 351 and 81?
27
Calculate the greatest common factor of 27 and 297.
27
What is the highest common factor of 99 and 33?
33
Calculate the highest common divisor of 894 and 8.
2
What is the greatest common factor of 45 and 1503?
9
What is the greatest common factor of 49 and 39053?
49
What is the greatest common divisor of 200 and 150?
50
What is the greatest common factor of 110 and 176?
22
What is the highest common factor of 256 and 4384?
32
Calculate the greatest common factor of 1116 and 1242.
18
What is the greatest common divisor of 63 and 12033?
63
Calculate the greatest common divisor of 279 and 10137.
93
What is the highest common factor of 5751 and 81?
81
Calculate the highest common factor of 60 and 4965.
15
Calculate the highest common divisor of 52 and 14976.
52
Calculate the greatest common factor of 17 and 3791.
17
What is the highest common factor of 343 and 28?
7
Calculate the greatest common factor of 108 and 53028.
108
Calculate the highest common divisor of 276 and 8.
4
What is the highest common divisor of 2091 and 3813?
123
What is the highest common factor of 713 and 161?
23
Calculate the highest common factor of 192 and 240.
48
Calculate the greatest common factor of 106 and 2.
2
What is the highest common factor of 1 and 16?
1
Calculate the greatest common divisor of 30 and 6870.
30
Calculate the greatest common factor of 60 and 36.
12
What is the greatest common factor of 2958 and 170?
34
What is the greatest common divisor of 2030 and 30?
10
Calculate the highest common divisor of 28 and 238.
14
Calculate the highest common divisor of 19 and 133.
19
What is the highest common divisor of 1895 and 10612?
379
What is the highest common factor of 486 and 9?
9
What is the highest common divisor of 4230 and 60?
30
Calculate the highest common divisor of 276 and 7038.
138
What is the greatest common divisor of 210 and 560?
70
Calculate the greatest common divisor of 6148 and 232.
116
What is the greatest common divisor of 1717 and 493?
17
What is the highest common factor of 3464 and 16?
8
Calculate the greatest common factor of 35 and 77.
7
What is the highest common divisor of 275 and 220?
55
What is the highest common factor of 703 and 19?
19
Calculate the greatest common divisor of 160 and 360.
40
What is the greatest common divisor of 4913 and 17?
17
Calculate the highest common factor of 55 and 5665.
55
What is the highest common divisor of 295 and 118?
59
Calculate the highest common factor of 6227 and 26.
13
What is the greatest common divisor of 1111 and 1717?
101
What is the greatest common divisor of 8321 and 157?
157
Calculate the greatest common divisor of 2178 and 5148.
198
Calculate the highest common divisor of 1950 and 234.
78
Calculate the greatest common factor of 705 and 90.
15
What is the highest common factor of 276 and 8924?
92
What is the greatest common divisor of 46 and 7383?
23
What is the greatest common factor of 442 and 208?
26
Calculate the greatest common divisor of 8 and 88.
8
Calculate the highest common factor of 25 and 1175.
25
Calculate the greatest common divisor of 27 and 12609.
27
What is the highest common divisor of 171 and 34029?
171
Calculate the highest common factor of 103 and 927.
103
What is the greatest common factor of 1445 and 17?
17
Calculate the greatest common factor of 72 and 120.
24
What is the greatest common factor of 175 and 469?
7
What is the greatest common divisor of 645 and 2064?
129
Calculate the highest common divisor of 10 and 30390.
10
Calculate the greatest common factor of 420 and 180.
60
Calculate the greatest common factor of 2925 and 45.
45
What is the greatest common factor of 418 and 14554?
38
Calculate the highest common divisor of 90 and 162.
18
Calculate the greatest common factor of 33 and 253.
11
What is the highest common factor of 2720 and 8?
8
Calculate the highest common divisor of 63 and 28.
7
Calculate the greatest common divisor of 4541 and 133.
19
Calculate the highest common divisor of 189 and 35.
7
Calculate the greatest common divisor of 17 and 119.
17
Calculate the highest common factor of 351 and 6591.
39
Calculate the highest common divisor of 182 and 78.
26
What is the highest common divisor of 1075 and 43?
43
What is the greatest common factor of 230 and 105?
5
Calculate the greatest common factor of 790 and 50.
10
What is the greatest common factor of 737 and 67?
67
What is the greatest common factor of 134 and 